{"id":8308,"date":"2020-11-23T19:03:40","date_gmt":"2020-11-23T18:03:40","guid":{"rendered":"http:\/\/www.countryflags.com\/countryflag\/drapeau-vatican\/"},"modified":"2020-11-30T18:26:55","modified_gmt":"2020-11-30T17:26:55","slug":"drapeau-vatican","status":"publish","type":"countryflag","link":"https:\/\/www.countryflags.com\/fr\/drapeau-vatican\/","title":{"rendered":"Drapeau Vatican"},"content":{"rendered":"<p>Le <strong>drapeau de Vatican<\/strong> est compos\u00e9 de deux bandes verticales, jaune et blanche avec des clefs de saint Pierre crois\u00e9es et surmont\u00e9es de la tiare papale. Les couleurs utilis\u00e9es sur le drapeau sont jaune, blanc. Les proportions du drapeau de Vatican sont de 1:1. Le drapeau du Vatican a \u00e9t\u00e9 adopt\u00e9 en 1929.\u00a0<\/p>\n","protected":false},"excerpt":{"rendered":"<p>Le drapeau du Vatican, couleurs et histoire du drapeau du Vatican. T\u00e9l\u00e9chargez des images gratuites et des ic\u00f4nes du drapeau de Vatican.<\/p>\n","protected":false},"featured_media":506,"parent":0,"menu_order":80,"template":"","format":"standard","meta":{"_mi_skip_tracking":false,"footnotes":""},"cf_category":[256,263,247,269],"cf_tag":[514,486,505,498],"class_list":["post-8308","countryflag","type-countryflag","status-publish","format-standard","has-post-thumbnail","hentry","cf_category-drapeaux-du-monde","cf_category-europe-2","cf_category-pays-du-monde","cf_category-pays-europeens","cf_tag-bandes-verticales","cf_tag-carre","cf_tag-couronnes","cf_tag-embleme"],"acf":[],"yoast_head":"<!-- This site is optimized with the Yoast SEO plugin v28.3 - https:\/\/yoast.com\/product\/yoast-seo-wordpress\/ -->\n<title>Drapeau du Vatican, image et signification drapeau de Vatican - Country flags<\/title>\n<meta name=\"description\" content=\"Le drapeau du Vatican, couleurs et histoire du drapeau du Vatican. T\u00e9l\u00e9chargez des images gratuites et des ic\u00f4nes du drapeau de Vatican.\" \/>\n<meta name=\"robots\" content=\"index, follow, max-snippet:-1, max-image-preview:large, max-video-preview:-1\" \/>\n<link rel=\"canonical\" href=\"https:\/\/www.countryflags.com\/fr\/drapeau-vatican\/\" \/>\n<meta property=\"og:locale\" content=\"fr_FR\" \/>\n<meta property=\"og:type\" content=\"article\" \/>\n<meta property=\"og:title\" content=\"Drapeau du Vatican, image et signification drapeau de Vatican\" \/>\n<meta property=\"og:description\" content=\"Le drapeau du Vatican, couleurs et histoire du drapeau du Vatican. T\u00e9l\u00e9chargez des images gratuites et des ic\u00f4nes du drapeau de Vatican.\" \/>\n<meta property=\"og:url\" content=\"https:\/\/www.countryflags.com\/fr\/drapeau-vatican\/\" \/>\n<meta property=\"og:site_name\" content=\"Country flags\" \/>\n<meta property=\"article:modified_time\" content=\"2020-11-30T17:26:55+00:00\" \/>\n<meta property=\"og:image\" content=\"https:\/\/www.countryflags.com\/wp-content\/uploads\/vatican-city-flag-png-large.png\" \/>\n\t<meta property=\"og:image:width\" content=\"1000\" \/>\n\t<meta property=\"og:image:height\" content=\"1000\" \/>\n\t<meta property=\"og:image:type\" content=\"image\/jpeg\" \/>\n<meta name=\"twitter:card\" content=\"summary_large_image\" \/>\n<script type=\"application\/ld+json\" class=\"yoast-schema-graph\">{\"@context\":\"https:\\\/\\\/schema.org\",\"@graph\":[{\"@type\":\"WebPage\",\"@id\":\"https:\\\/\\\/www.countryflags.com\\\/fr\\\/drapeau-vatican\\\/\",\"url\":\"https:\\\/\\\/www.countryflags.com\\\/fr\\\/drapeau-vatican\\\/\",\"name\":\"Drapeau du Vatican, image et signification drapeau de Vatican\",\"isPartOf\":{\"@id\":\"https:\\\/\\\/www.countryflags.com\\\/fr\\\/#website\"},\"primaryImageOfPage\":{\"@id\":\"https:\\\/\\\/www.countryflags.com\\\/fr\\\/drapeau-vatican\\\/#primaryimage\"},\"image\":{\"@id\":\"https:\\\/\\\/www.countryflags.com\\\/fr\\\/drapeau-vatican\\\/#primaryimage\"},\"thumbnailUrl\":\"https:\\\/\\\/www.countryflags.com\\\/wp-content\\\/uploads\\\/vatican-city-flag-png-large.png\",\"datePublished\":\"2020-11-23T18:03:40+00:00\",\"dateModified\":\"2020-11-30T17:26:55+00:00\",\"description\":\"Le drapeau du Vatican, couleurs et histoire du drapeau du Vatican. T\u00e9l\u00e9chargez des images gratuites et des ic\u00f4nes du drapeau de Vatican.\",\"breadcrumb\":{\"@id\":\"https:\\\/\\\/www.countryflags.com\\\/fr\\\/drapeau-vatican\\\/#breadcrumb\"},\"inLanguage\":\"fr-FR\",\"potentialAction\":[{\"@type\":\"ReadAction\",\"target\":[\"https:\\\/\\\/www.countryflags.com\\\/fr\\\/drapeau-vatican\\\/\"]}]},{\"@type\":\"ImageObject\",\"inLanguage\":\"fr-FR\",\"@id\":\"https:\\\/\\\/www.countryflags.com\\\/fr\\\/drapeau-vatican\\\/#primaryimage\",\"url\":\"https:\\\/\\\/www.countryflags.com\\\/wp-content\\\/uploads\\\/vatican-city-flag-png-large.png\",\"contentUrl\":\"https:\\\/\\\/www.countryflags.com\\\/wp-content\\\/uploads\\\/vatican-city-flag-png-large.png\",\"width\":1000,\"height\":1000},{\"@type\":\"BreadcrumbList\",\"@id\":\"https:\\\/\\\/www.countryflags.com\\\/fr\\\/drapeau-vatican\\\/#breadcrumb\",\"itemListElement\":[{\"@type\":\"ListItem\",\"position\":1,\"name\":\"Home\",\"item\":\"https:\\\/\\\/www.countryflags.com\\\/fr\\\/\"},{\"@type\":\"ListItem\",\"position\":2,\"name\":\"Drapeau Vatican\"}]},{\"@type\":\"WebSite\",\"@id\":\"https:\\\/\\\/www.countryflags.com\\\/fr\\\/#website\",\"url\":\"https:\\\/\\\/www.countryflags.com\\\/fr\\\/\",\"name\":\"Country flags\",\"description\":\"all flags of the world\",\"publisher\":{\"@id\":\"https:\\\/\\\/www.countryflags.com\\\/fr\\\/#organization\"},\"potentialAction\":[{\"@type\":\"SearchAction\",\"target\":{\"@type\":\"EntryPoint\",\"urlTemplate\":\"https:\\\/\\\/www.countryflags.com\\\/fr\\\/?s={search_term_string}\"},\"query-input\":{\"@type\":\"PropertyValueSpecification\",\"valueRequired\":true,\"valueName\":\"search_term_string\"}}],\"inLanguage\":\"fr-FR\"},{\"@type\":\"Organization\",\"@id\":\"https:\\\/\\\/www.countryflags.com\\\/fr\\\/#organization\",\"name\":\"Country flags\",\"url\":\"https:\\\/\\\/www.countryflags.com\\\/fr\\\/\",\"logo\":{\"@type\":\"ImageObject\",\"inLanguage\":\"fr-FR\",\"@id\":\"https:\\\/\\\/www.countryflags.com\\\/fr\\\/#\\\/schema\\\/logo\\\/image\\\/\",\"url\":\"https:\\\/\\\/www.countryflags.com\\\/wp-content\\\/uploads\\\/countryflags-logo.png\",\"contentUrl\":\"https:\\\/\\\/www.countryflags.com\\\/wp-content\\\/uploads\\\/countryflags-logo.png\",\"width\":800,\"height\":100,\"caption\":\"Country flags\"},\"image\":{\"@id\":\"https:\\\/\\\/www.countryflags.com\\\/fr\\\/#\\\/schema\\\/logo\\\/image\\\/\"}}]}<\/script>\n<!-- \/ Yoast SEO plugin. -->","yoast_head_json":{"title":"Drapeau du Vatican, image et signification drapeau de Vatican - Country flags","description":"Le drapeau du Vatican, couleurs et histoire du drapeau du Vatican. T\u00e9l\u00e9chargez des images gratuites et des ic\u00f4nes du drapeau de Vatican.","robots":{"index":"index","follow":"follow","max-snippet":"max-snippet:-1","max-image-preview":"max-image-preview:large","max-video-preview":"max-video-preview:-1"},"canonical":"https:\/\/www.countryflags.com\/fr\/drapeau-vatican\/","og_locale":"fr_FR","og_type":"article","og_title":"Drapeau du Vatican, image et signification drapeau de Vatican","og_description":"Le drapeau du Vatican, couleurs et histoire du drapeau du Vatican. T\u00e9l\u00e9chargez des images gratuites et des ic\u00f4nes du drapeau de Vatican.","og_url":"https:\/\/www.countryflags.com\/fr\/drapeau-vatican\/","og_site_name":"Country flags","article_modified_time":"2020-11-30T17:26:55+00:00","og_image":[{"width":1000,"height":1000,"url":"https:\/\/www.countryflags.com\/wp-content\/uploads\/vatican-city-flag-png-large.png","type":"image\/jpeg"}],"twitter_card":"summary_large_image","schema":{"@context":"https:\/\/schema.org","@graph":[{"@type":"WebPage","@id":"https:\/\/www.countryflags.com\/fr\/drapeau-vatican\/","url":"https:\/\/www.countryflags.com\/fr\/drapeau-vatican\/","name":"Drapeau du Vatican, image et signification drapeau de Vatican","isPartOf":{"@id":"https:\/\/www.countryflags.com\/fr\/#website"},"primaryImageOfPage":{"@id":"https:\/\/www.countryflags.com\/fr\/drapeau-vatican\/#primaryimage"},"image":{"@id":"https:\/\/www.countryflags.com\/fr\/drapeau-vatican\/#primaryimage"},"thumbnailUrl":"https:\/\/www.countryflags.com\/wp-content\/uploads\/vatican-city-flag-png-large.png","datePublished":"2020-11-23T18:03:40+00:00","dateModified":"2020-11-30T17:26:55+00:00","description":"Le drapeau du Vatican, couleurs et histoire du drapeau du Vatican. T\u00e9l\u00e9chargez des images gratuites et des ic\u00f4nes du drapeau de Vatican.","breadcrumb":{"@id":"https:\/\/www.countryflags.com\/fr\/drapeau-vatican\/#breadcrumb"},"inLanguage":"fr-FR","potentialAction":[{"@type":"ReadAction","target":["https:\/\/www.countryflags.com\/fr\/drapeau-vatican\/"]}]},{"@type":"ImageObject","inLanguage":"fr-FR","@id":"https:\/\/www.countryflags.com\/fr\/drapeau-vatican\/#primaryimage","url":"https:\/\/www.countryflags.com\/wp-content\/uploads\/vatican-city-flag-png-large.png","contentUrl":"https:\/\/www.countryflags.com\/wp-content\/uploads\/vatican-city-flag-png-large.png","width":1000,"height":1000},{"@type":"BreadcrumbList","@id":"https:\/\/www.countryflags.com\/fr\/drapeau-vatican\/#breadcrumb","itemListElement":[{"@type":"ListItem","position":1,"name":"Home","item":"https:\/\/www.countryflags.com\/fr\/"},{"@type":"ListItem","position":2,"name":"Drapeau Vatican"}]},{"@type":"WebSite","@id":"https:\/\/www.countryflags.com\/fr\/#website","url":"https:\/\/www.countryflags.com\/fr\/","name":"Country flags","description":"all flags of the world","publisher":{"@id":"https:\/\/www.countryflags.com\/fr\/#organization"},"potentialAction":[{"@type":"SearchAction","target":{"@type":"EntryPoint","urlTemplate":"https:\/\/www.countryflags.com\/fr\/?s={search_term_string}"},"query-input":{"@type":"PropertyValueSpecification","valueRequired":true,"valueName":"search_term_string"}}],"inLanguage":"fr-FR"},{"@type":"Organization","@id":"https:\/\/www.countryflags.com\/fr\/#organization","name":"Country flags","url":"https:\/\/www.countryflags.com\/fr\/","logo":{"@type":"ImageObject","inLanguage":"fr-FR","@id":"https:\/\/www.countryflags.com\/fr\/#\/schema\/logo\/image\/","url":"https:\/\/www.countryflags.com\/wp-content\/uploads\/countryflags-logo.png","contentUrl":"https:\/\/www.countryflags.com\/wp-content\/uploads\/countryflags-logo.png","width":800,"height":100,"caption":"Country flags"},"image":{"@id":"https:\/\/www.countryflags.com\/fr\/#\/schema\/logo\/image\/"}}]}},"_links":{"self":[{"href":"https:\/\/www.countryflags.com\/fr\/wp-json\/wp\/v2\/countryflag\/8308","targetHints":{"allow":["GET"]}}],"collection":[{"href":"https:\/\/www.countryflags.com\/fr\/wp-json\/wp\/v2\/countryflag"}],"about":[{"href":"https:\/\/www.countryflags.com\/fr\/wp-json\/wp\/v2\/types\/countryflag"}],"version-history":[{"count":1,"href":"https:\/\/www.countryflags.com\/fr\/wp-json\/wp\/v2\/countryflag\/8308\/revisions"}],"predecessor-version":[{"id":11685,"href":"https:\/\/www.countryflags.com\/fr\/wp-json\/wp\/v2\/countryflag\/8308\/revisions\/11685"}],"wp:featuredmedia":[{"embeddable":true,"href":"https:\/\/www.countryflags.com\/fr\/wp-json\/wp\/v2\/media\/506"}],"wp:attachment":[{"href":"https:\/\/www.countryflags.com\/fr\/wp-json\/wp\/v2\/media?parent=8308"}],"wp:term":[{"taxonomy":"cf_category","embeddable":true,"href":"https:\/\/www.countryflags.com\/fr\/wp-json\/wp\/v2\/cf_category?post=8308"},{"taxonomy":"cf_tag","embeddable":true,"href":"https:\/\/www.countryflags.com\/fr\/wp-json\/wp\/v2\/cf_tag?post=8308"}],"curies":[{"name":"wp","href":"https:\/\/api.w.org\/{rel}","templated":true}]}}

<p>Le <strong>drapeau de Vatican</strong> est composé de deux bandes verticales, jaune et blanche avec des clefs de saint Pierre croisées et surmontées de la tiare papale. Les couleurs utilisées sur le drapeau sont jaune, blanc. Les proportions du drapeau de Vatican sont de 1:1. Le drapeau du Vatican a été adopté en 1929. </p>

<p>Le drapeau du Vatican, couleurs et histoire du drapeau du Vatican. Téléchargez des images gratuites et des icônes du drapeau de Vatican.</p>

<!-- This site is optimized with the Yoast SEO plugin v28.3 - https://yoast.com/product/yoast-seo-wordpress/ -->
<title>Drapeau du Vatican, image et signification drapeau de Vatican - Country flags</title>
<meta name="description" content="Le drapeau du Vatican, couleurs et histoire du drapeau du Vatican. Téléchargez des images gratuites et des icônes du drapeau de Vatican." />
<meta name="robots" content="index, follow, max-snippet:-1, max-image-preview:large, max-video-preview:-1" />
<link rel="canonical" href="https://www.countryflags.com/fr/drapeau-vatican/" />
<meta property="og:locale" content="fr_FR" />
<meta property="og:type" content="article" />
<meta property="og:title" content="Drapeau du Vatican, image et signification drapeau de Vatican" />
<meta property="og:description" content="Le drapeau du Vatican, couleurs et histoire du drapeau du Vatican. Téléchargez des images gratuites et des icônes du drapeau de Vatican." />
<meta property="og:url" content="https://www.countryflags.com/fr/drapeau-vatican/" />
<meta property="og:site_name" content="Country flags" />
<meta property="article:modified_time" content="2020-11-30T17:26:55+00:00" />
<meta property="og:image" content="https://www.countryflags.com/wp-content/uploads/vatican-city-flag-png-large.png" />
	<meta property="og:image:width" content="1000" />
	<meta property="og:image:height" content="1000" />
	<meta property="og:image:type" content="image/jpeg" />
<meta name="twitter:card" content="summary_large_image" />
<script type="application/ld+json" class="yoast-schema-graph">{"@context":"https:\/\/schema.org","@graph":[{"@type":"WebPage","@id":"https:\/\/www.countryflags.com\/fr\/drapeau-vatican\/","url":"https:\/\/www.countryflags.com\/fr\/drapeau-vatican\/","name":"Drapeau du Vatican, image et signification drapeau de Vatican","isPartOf":{"@id":"https:\/\/www.countryflags.com\/fr\/#website"},"primaryImageOfPage":{"@id":"https:\/\/www.countryflags.com\/fr\/drapeau-vatican\/#primaryimage"},"image":{"@id":"https:\/\/www.countryflags.com\/fr\/drapeau-vatican\/#primaryimage"},"thumbnailUrl":"https:\/\/www.countryflags.com\/wp-content\/uploads\/vatican-city-flag-png-large.png","datePublished":"2020-11-23T18:03:40+00:00","dateModified":"2020-11-30T17:26:55+00:00","description":"Le drapeau du Vatican, couleurs et histoire du drapeau du Vatican. Téléchargez des images gratuites et des icônes du drapeau de Vatican.","breadcrumb":{"@id":"https:\/\/www.countryflags.com\/fr\/drapeau-vatican\/#breadcrumb"},"inLanguage":"fr-FR","potentialAction":[{"@type":"ReadAction","target":["https:\/\/www.countryflags.com\/fr\/drapeau-vatican\/"]}]},{"@type":"ImageObject","inLanguage":"fr-FR","@id":"https:\/\/www.countryflags.com\/fr\/drapeau-vatican\/#primaryimage","url":"https:\/\/www.countryflags.com\/wp-content\/uploads\/vatican-city-flag-png-large.png","contentUrl":"https:\/\/www.countryflags.com\/wp-content\/uploads\/vatican-city-flag-png-large.png","width":1000,"height":1000},{"@type":"BreadcrumbList","@id":"https:\/\/www.countryflags.com\/fr\/drapeau-vatican\/#breadcrumb","itemListElement":[{"@type":"ListItem","position":1,"name":"Home","item":"https:\/\/www.countryflags.com\/fr\/"},{"@type":"ListItem","position":2,"name":"Drapeau Vatican"}]},{"@type":"WebSite","@id":"https:\/\/www.countryflags.com\/fr\/#website","url":"https:\/\/www.countryflags.com\/fr\/","name":"Country flags","description":"all flags of the world","publisher":{"@id":"https:\/\/www.countryflags.com\/fr\/#organization"},"potentialAction":[{"@type":"SearchAction","target":{"@type":"EntryPoint","urlTemplate":"https:\/\/www.countryflags.com\/fr\/?s={search_term_string}"},"query-input":{"@type":"PropertyValueSpecification","valueRequired":true,"valueName":"search_term_string"}}],"inLanguage":"fr-FR"},{"@type":"Organization","@id":"https:\/\/www.countryflags.com\/fr\/#organization","name":"Country flags","url":"https:\/\/www.countryflags.com\/fr\/","logo":{"@type":"ImageObject","inLanguage":"fr-FR","@id":"https:\/\/www.countryflags.com\/fr\/#\/schema\/logo\/image\/","url":"https:\/\/www.countryflags.com\/wp-content\/uploads\/countryflags-logo.png","contentUrl":"https:\/\/www.countryflags.com\/wp-content\/uploads\/countryflags-logo.png","width":800,"height":100,"caption":"Country flags"},"image":{"@id":"https:\/\/www.countryflags.com\/fr\/#\/schema\/logo\/image\/"}}]}</script>
<!-- / Yoast SEO plugin. -->

Le drapeau du Vatican, couleurs et histoire du drapeau du Vatican. Téléchargez des images gratuites et des icônes du drapeau de Vatican.
